{"id":5317,"date":"2026-01-16T22:12:41","date_gmt":"2026-01-16T21:12:41","guid":{"rendered":"https:\/\/obscura.ffabula.cz\/?page_id=5317"},"modified":"2026-05-03T21:36:30","modified_gmt":"2026-05-03T19:36:30","slug":"hledame-nove-kolegy-ne","status":"publish","type":"page","link":"https:\/\/obscura.ffabula.cz\/index.php\/hledame-nove-kolegy-ne\/","title":{"rendered":"Hled\u00e1me nov\u00e9 kolegy\/n\u011b"},"content":{"rendered":"\t\t<div data-elementor-type=\"wp-page\" data-elementor-id=\"5317\" class=\"elementor elementor-5317\">\n\t\t\t\t<div class=\"elementor-element elementor-element-def1c22 e-flex e-con-boxed e-con e-parent\" data-id=\"def1c22\" data-element_type=\"container\" data-e-type=\"container\">\n\t\t\t\t\t<div class=\"e-con-inner\">\n\t\t\t\t<div class=\"elementor-element elementor-element-6c8dda1 elementor-widget elementor-widget-spacer\" data-id=\"6c8dda1\" data-element_type=\"widget\" data-e-type=\"widget\" data-widget_type=\"spacer.default\">\n\t\t\t\t<div class=\"elementor-widget-container\">\n\t\t\t\t\t\t\t<div class=\"elementor-spacer\">\n\t\t\t<div class=\"elementor-spacer-inner\"><\/div>\n\t\t<\/div>\n\t\t\t\t\t\t<\/div>\n\t\t\t\t<\/div>\n\t\t\t\t\t<\/div>\n\t\t\t\t<\/div>\n\t\t<div class=\"elementor-element elementor-element-e80e9a5 e-flex e-con-boxed e-con e-parent\" data-id=\"e80e9a5\" data-element_type=\"container\" data-e-type=\"container\">\n\t\t\t\t\t<div class=\"e-con-inner\">\n\t\t\t\t<div class=\"elementor-element elementor-element-ee55373 elementor-widget elementor-widget-spacer\" data-id=\"ee55373\" data-element_type=\"widget\" data-e-type=\"widget\" data-widget_type=\"spacer.default\">\n\t\t\t\t<div class=\"elementor-widget-container\">\n\t\t\t\t\t\t\t<div class=\"elementor-spacer\">\n\t\t\t<div class=\"elementor-spacer-inner\"><\/div>\n\t\t<\/div>\n\t\t\t\t\t\t<\/div>\n\t\t\t\t<\/div>\n\t\t\t\t\t<\/div>\n\t\t\t\t<\/div>\n\t\t<div class=\"elementor-element elementor-element-f213b42 e-flex e-con-boxed e-con e-parent\" data-id=\"f213b42\" data-element_type=\"container\" data-e-type=\"container\">\n\t\t\t\t\t<div class=\"e-con-inner\">\n\t\t\t\t<div class=\"elementor-element elementor-element-442e327 elementor-widget elementor-widget-heading\" data-id=\"442e327\" data-element_type=\"widget\" data-e-type=\"widget\" data-widget_type=\"heading.default\">\n\t\t\t\t<div class=\"elementor-widget-container\">\n\t\t\t\t\t<h2 class=\"elementor-heading-title elementor-size-default\">Hled\u00e1me nov\u00e9 \u010dleny a \u010dlenky redakce<\/h2>\t\t\t\t<\/div>\n\t\t\t\t<\/div>\n\t\t\t\t\t<\/div>\n\t\t\t\t<\/div>\n\t\t<div class=\"elementor-element elementor-element-948a448 e-flex e-con-boxed e-con e-parent\" data-id=\"948a448\" data-element_type=\"container\" data-e-type=\"container\">\n\t\t\t\t\t<div class=\"e-con-inner\">\n\t\t\t\t<div class=\"elementor-element elementor-element-81324c8 elementor-widget elementor-widget-text-editor\" data-id=\"81324c8\" data-element_type=\"widget\" data-e-type=\"widget\" data-widget_type=\"text-editor.default\">\n\t\t\t\t<div class=\"elementor-widget-container\">\n\t\t\t\t\t\t\t\t\t<p>V\u00e9st \u010dasopis je n\u00e1ro\u010dn\u00e1 pr\u00e1ce, a proto hled\u00e1me posily do na\u0161eho t\u00fdmu. Pokud t\u011b bav\u00ed \u010d\u00edst studentsk\u00e9 texty, d\u00e1vat na n\u011b zp\u011btnou vazbu, pom\u00e1hat jim v publikaci a z\u00e1rove\u0148 jsi kreativn\u00ed, spolehliv\u00fd*\u00e1 a t\u00fdmov\u00fd hr\u00e1\u010d*ka, jsi n\u00e1\u0161 \u010dlov\u011bk! \u017d\u00e1dn\u00e9 p\u0159edchoz\u00ed zku\u0161enosti nejsou pot\u0159eba, v\u0161e t\u011b nau\u010d\u00edme. Hled\u00e1me:<\/p>\t\t\t\t\t\t\t\t<\/div>\n\t\t\t\t<\/div>\n\t\t\t\t\t<\/div>\n\t\t\t\t<\/div>\n\t\t<div class=\"elementor-element elementor-element-26538ec e-flex e-con-boxed e-con e-parent\" data-id=\"26538ec\" data-element_type=\"container\" data-e-type=\"container\">\n\t\t\t\t\t<div class=\"e-con-inner\">\n\t\t\t\t<div class=\"elementor-element elementor-element-0e3e7fa elementor-widget elementor-widget-text-editor\" data-id=\"0e3e7fa\" data-element_type=\"widget\" data-e-type=\"widget\" data-widget_type=\"text-editor.default\">\n\t\t\t\t<div class=\"elementor-widget-container\">\n\t\t\t\t\t\t\t\t\t<h6>Redaktory*ky<\/h6><p>N\u00e1pln\u00ed pr\u00e1ce bude hlavn\u011b:<\/p><ul><li>pom\u00e1hat s formulac\u00ed publika\u010dn\u00ed v\u00fdzvy;<\/li><li>\u010d\u00edst texty, kter\u00e9 p\u0159ijdou v jej\u00edm r\u00e1mci;<\/li><li>pom\u00e1hat s formulac\u00ed zp\u011btn\u00e9 vazby pro autorstvo nerecenzovan\u00fdch p\u0159\u00edsp\u011bvk\u016f a s hled\u00e1n\u00edm recenzuj\u00edc\u00edch pro recenzovan\u00e9 p\u0159\u00edsp\u011bvky;<\/li><li>pom\u00e1hat s b\u011b\u017en\u00fdm chodem \u010dasopisu (sem tam vy\u0159\u00eddit e-maily, \u00fa\u010dastnit se sch\u016fzek redakce atd.);<\/li><li>pom\u00e1hat s webem, soci\u00e1ln\u00edmi s\u00edt\u011bmi, korekturami, sazbou nebo \u010d\u00edmkoliv jin\u00fdm, co si vybere\u0161;<\/li><li>ps\u00e1t vlastn\u00ed p\u0159\u00edsp\u011bvky, d\u011blat rozhovory nebo vym\u00fd\u0161let p\u0159\u00edle\u017eitosti, jak \u010dasopis zlep\u0161it.\u00a0<\/li><\/ul>\t\t\t\t\t\t\t\t<\/div>\n\t\t\t\t<\/div>\n\t\t\t\t\t<\/div>\n\t\t\t\t<\/div>\n\t\t<div class=\"elementor-element elementor-element-5220ee6 e-flex e-con-boxed e-con e-parent\" data-id=\"5220ee6\" data-element_type=\"container\" data-e-type=\"container\">\n\t\t\t\t\t<div class=\"e-con-inner\">\n\t\t\t\t<div class=\"elementor-element elementor-element-6a27200 elementor-widget elementor-widget-text-editor\" data-id=\"6a27200\" data-element_type=\"widget\" data-e-type=\"widget\" data-widget_type=\"text-editor.default\">\n\t\t\t\t<div class=\"elementor-widget-container\">\n\t\t\t\t\t\t\t\t\t<h6><span style=\"font-style: inherit; font-weight: inherit;\">\u0160\u00e9fredaktora*ku\u00a0<\/span><\/h6><p><span style=\"font-style: inherit; font-weight: inherit; color: #585858; font-family: Roboto, sans-serif;\">N\u00e1pln\u00ed pr\u00e1ce bude hlavn\u011b:<\/span><\/p><ul><li>v\u00e9st redakci a koordinovat \u00fakoly v jej\u00edm r\u00e1mci, dohl\u00ed\u017eet na deadliny;<\/li><li>komunikovat se Spolkem student\u016f historie FF UK, na\u0161\u00ed mate\u0159skou organizac\u00ed;<\/li><li>navazovat spolupr\u00e1ci s dal\u0161\u00edmi organizacemi;<\/li><li>sestavovat rozpo\u010det;<\/li><li>v p\u0159\u00edpad\u011b pot\u0159eby hledat zdroje extern\u00edho financov\u00e1n\u00ed;<\/li><li>pom\u00e1hat s formulac\u00ed publika\u010dn\u00ed v\u00fdzvy;<\/li><li>\u010d\u00edst texty, kter\u00e9 p\u0159ijdou v jej\u00edm r\u00e1mci;<\/li><li>pom\u00e1hat s formulac\u00ed zp\u011btn\u00e9 vazby pro autorstvo nerecenzovan\u00fdch p\u0159\u00edsp\u011bvk\u016f a s hled\u00e1n\u00edm recenzuj\u00edc\u00edch pro recenzovan\u00e9 p\u0159\u00edsp\u011bvky;<\/li><li>pom\u00e1hat s b\u011b\u017en\u00fdm chodem \u010dasopisu (vy\u0159izovat e-maily, svol\u00e1vat sch\u016fzky redakce atd.);<\/li><li>pom\u00e1hat s webem, soci\u00e1ln\u00edmi s\u00edt\u011bmi, korekturami, sazbou nebo \u010d\u00edmkoliv jin\u00fdm, co si vybere\u0161;<\/li><li>ps\u00e1t vlastn\u00ed p\u0159\u00edsp\u011bvky, d\u011blat rozhovory nebo vym\u00fd\u0161let p\u0159\u00edle\u017eitosti, jak \u010dasopis zlep\u0161it.\u00a0<\/li><\/ul>\t\t\t\t\t\t\t\t<\/div>\n\t\t\t\t<\/div>\n\t\t\t\t\t<\/div>\n\t\t\t\t<\/div>\n\t\t<div class=\"elementor-element elementor-element-27f1fd6 e-flex e-con-boxed e-con e-parent\" data-id=\"27f1fd6\" data-element_type=\"container\" data-e-type=\"container\">\n\t\t\t\t\t<div class=\"e-con-inner\">\n\t\t\t\t<div class=\"elementor-element elementor-element-d3e9a7a elementor-widget elementor-widget-text-editor\" data-id=\"d3e9a7a\" data-element_type=\"widget\" data-e-type=\"widget\" data-widget_type=\"text-editor.default\">\n\t\t\t\t<div class=\"elementor-widget-container\">\n\t\t\t\t\t\t\t\t\t<h6><span style=\"font-style: inherit; font-weight: inherit;\">Korektory*ky&nbsp;<\/span><\/h6>\n<p><span style=\"font-style: inherit; font-weight: inherit; color: #585858; font-family: Roboto, sans-serif;\">N\u00e1pln\u00ed pr\u00e1ce bude hlavn\u011b:<\/span><\/p>\n<ul>\n<li>spolupracovat na korektur\u00e1ch p\u0159\u00edsp\u011bvk\u016f a redak\u010dn\u00edch text\u016f;<\/li>\n<li>opravovat texty v \u010de\u0161tin\u011b a pokud to zvl\u00e1dne\u0161, tak i v angli\u010dtin\u011b nebo sloven\u0161tin\u011b.<\/li>\n<\/ul>\n<div>Pokud bude\u0161 cht\u00edt, m\u016f\u017ee\u0161:<\/div>\n<ul>\n<li>pom\u00e1hat s formulac\u00ed publika\u010dn\u00ed v\u00fdzvy;<\/li>\n<li>\u010d\u00edst texty, kter\u00e9 p\u0159ijdou v jej\u00edm r\u00e1mci;<\/li>\n<li>pom\u00e1hat s formulac\u00ed zp\u011btn\u00e9 vazby pro autorstvo nerecenzovan\u00fdch p\u0159\u00edsp\u011bvk\u016f a s hled\u00e1n\u00edm recenzuj\u00edc\u00edch pro recenzovan\u00e9 p\u0159\u00edsp\u011bvky;<\/li>\n<li>pom\u00e1hat s b\u011b\u017en\u00fdm chodem \u010dasopisu (vy\u0159izovat e-maily, svol\u00e1vat sch\u016fzky redakce atd.);<\/li>\n<li>pom\u00e1hat s webem, soci\u00e1ln\u00edmi s\u00edt\u011bmi, korekturami, sazbou nebo \u010d\u00edmkoliv jin\u00fdm, co si vybere\u0161;<\/li>\n<li>ps\u00e1t vlastn\u00ed p\u0159\u00edsp\u011bvky, d\u011blat rozhovory nebo vym\u00fd\u0161let p\u0159\u00edle\u017eitosti, jak \u010dasopis zlep\u0161it.&nbsp;<\/li>\n<\/ul>\t\t\t\t\t\t\t\t<\/div>\n\t\t\t\t<\/div>\n\t\t\t\t\t<\/div>\n\t\t\t\t<\/div>\n\t\t<div class=\"elementor-element elementor-element-7f1f613 e-flex e-con-boxed e-con e-parent\" data-id=\"7f1f613\" data-element_type=\"container\" data-e-type=\"container\">\n\t\t\t\t\t<div class=\"e-con-inner\">\n\t\t\t\t<div class=\"elementor-element elementor-element-9d399a4 elementor-widget elementor-widget-text-editor\" data-id=\"9d399a4\" data-element_type=\"widget\" data-e-type=\"widget\" data-widget_type=\"text-editor.default\">\n\t\t\t\t<div class=\"elementor-widget-container\">\n\t\t\t\t\t\t\t\t\t<h6>Co bys je\u0161t\u011b m\u011bl*a v\u011bd\u011bt?<\/h6><ul><li>Pokud nem\u00e1\u0161 p\u0159edchoz\u00ed zku\u0161enosti, nevad\u00ed! V\u0161e t\u011b nau\u010d\u00edme:)<\/li><li>M\u00e1\u0161 strach, \u017ee nebude\u0161 m\u00edt \u010das? V redakci ch\u00e1peme, \u017ee je toho ob\u010das hodn\u011b. Kdy\u017e je to pot\u0159eba, vz\u00e1jemn\u011b se vykr\u00fdv\u00e1me a pom\u00e1h\u00e1me si.<\/li><li>Bohu\u017eel ti nem\u016f\u017eeme nab\u00eddnout finan\u010dn\u00ed odm\u011bnu. N\u00e1\u0161 \u010dasopis nen\u00ed v\u00fdd\u011ble\u010dn\u00fd, v\u0161ichni pracujeme jako dobrovoln\u00edci. M\u00e1\u0161 ale n\u00e1rok na v\u00fdtisk \u010dasopisu zdarma a pokud nejsi \u010dlenem*kou spolku, m\u016f\u017ee\u0161 se \u00fa\u010dastnit v\u0161ech jeho akc\u00ed.<\/li><\/ul>\t\t\t\t\t\t\t\t<\/div>\n\t\t\t\t<\/div>\n\t\t\t\t\t<\/div>\n\t\t\t\t<\/div>\n\t\t<div class=\"elementor-element elementor-element-45083d9 e-flex e-con-boxed e-con e-parent\" data-id=\"45083d9\" data-element_type=\"container\" data-e-type=\"container\">\n\t\t\t\t\t<div class=\"e-con-inner\">\n\t\t\t\t<div class=\"elementor-element elementor-element-1278798 elementor-widget elementor-widget-text-editor\" data-id=\"1278798\" data-element_type=\"widget\" data-e-type=\"widget\" data-widget_type=\"text-editor.default\">\n\t\t\t\t<div class=\"elementor-widget-container\">\n\t\t\t\t\t\t\t\t\t<p><strong>Zaujala t\u011b nab\u00eddka? Napi\u0161 n\u00e1m na e-mail obscura@ffabula.cz nebo na Instagram \u010di Facebook. T\u011b\u0161\u00edme se na Tebe!<\/strong><\/p>\t\t\t\t\t\t\t\t<\/div>\n\t\t\t\t<\/div>\n\t\t\t\t\t<\/div>\n\t\t\t\t<\/div>\n\t\t<div class=\"elementor-element elementor-element-e479065 e-flex e-con-boxed e-con e-parent\" data-id=\"e479065\" data-element_type=\"container\" data-e-type=\"container\">\n\t\t\t\t\t<div class=\"e-con-inner\">\n\t\t\t\t<div class=\"elementor-element elementor-element-4efcb2a elementor-widget elementor-widget-spacer\" data-id=\"4efcb2a\" data-element_type=\"widget\" data-e-type=\"widget\" data-widget_type=\"spacer.default\">\n\t\t\t\t<div class=\"elementor-widget-container\">\n\t\t\t\t\t\t\t<div class=\"elementor-spacer\">\n\t\t\t<div class=\"elementor-spacer-inner\"><\/div>\n\t\t<\/div>\n\t\t\t\t\t\t<\/div>\n\t\t\t\t<\/div>\n\t\t\t\t\t<\/div>\n\t\t\t\t<\/div>\n\t\t\t\t<\/div>\n\t\t","protected":false},"excerpt":{"rendered":"<p>Hled\u00e1me nov\u00e9 \u010dleny a \u010dlenky redakce V\u00e9st \u010dasopis je n\u00e1ro\u010dn\u00e1 pr\u00e1ce, a proto hled\u00e1me posily do na\u0161eho t\u00fdmu. Pokud t\u011b bav\u00ed \u010d\u00edst studentsk\u00e9 texty, d\u00e1vat na n\u011b zp\u011btnou vazbu, pom\u00e1hat jim v publikaci a z\u00e1rove\u0148 jsi kreativn\u00ed, spolehliv\u00fd*\u00e1 a t\u00fdmov\u00fd hr\u00e1\u010d*ka, jsi n\u00e1\u0161 \u010dlov\u011bk! \u017d\u00e1dn\u00e9 p\u0159edchoz\u00ed zku\u0161enosti nejsou pot\u0159eba, v\u0161e t\u011b nau\u010d\u00edme. Hled\u00e1me: Redaktory*ky N\u00e1pln\u00ed [&hellip;]<\/p>\n","protected":false},"author":2,"featured_media":0,"parent":0,"menu_order":0,"comment_status":"closed","ping_status":"closed","template":"","meta":{"site-sidebar-layout":"no-sidebar","site-content-layout":"page-builder","ast-site-content-layout":"full-width-container","site-content-style":"unboxed","site-sidebar-style":"unboxed","ast-global-header-display":"","ast-banner-title-visibility":"","ast-main-header-display":"","ast-hfb-above-header-display":"","ast-hfb-below-header-display":"","ast-hfb-mobile-header-display":"","site-post-title":"disabled","ast-breadcrumbs-content":"","ast-featured-img":"disabled","footer-sml-layout":"","theme-transparent-header-meta":"enabled","adv-header-id-meta":"","stick-header-meta":"","header-above-stick-meta":"","header-main-stick-meta":"","header-below-stick-meta":"","astra-migrate-meta-layouts":"set","ast-page-background-enabled":"default","ast-page-background-meta":{"desktop":{"background-color":"var(--ast-global-color-4)","background-image":"","background-repeat":"repeat","background-position":"center center","background-size":"auto","background-attachment":"scroll","background-type":"","background-media":"","overlay-type":"","overlay-color":"","overlay-gradient":""},"tablet":{"background-color":"","background-image":"","background-repeat":"repeat","background-position":"center center","background-size":"auto","background-attachment":"scroll","background-type":"","background-media":"","overlay-type":"","overlay-color":"","overlay-gradient":""},"mobile":{"background-color":"","background-image":"","background-repeat":"repeat","background-position":"center center","background-size":"auto","background-attachment":"scroll","background-type":"","background-media":"","overlay-type":"","overlay-color":"","overlay-gradient":""}},"ast-content-background-meta":{"desktop":{"background-color":"var(--ast-global-color-5)","background-image":"","background-repeat":"repeat","background-position":"center center","background-size":"auto","background-attachment":"scroll","background-type":"","background-media":"","overlay-type":"","overlay-color":"","overlay-gradient":""},"tablet":{"background-color":"var(--ast-global-color-5)","background-image":"","background-repeat":"repeat","background-position":"center center","background-size":"auto","background-attachment":"scroll","background-type":"","background-media":"","overlay-type":"","overlay-color":"","overlay-gradient":""},"mobile":{"background-color":"var(--ast-global-color-5)","background-image":"","background-repeat":"repeat","background-position":"center center","background-size":"auto","background-attachment":"scroll","background-type":"","background-media":"","overlay-type":"","overlay-color":"","overlay-gradient":""}},"footnotes":""},"class_list":["post-5317","page","type-page","status-publish","hentry"],"rttpg_featured_image_url":null,"rttpg_author":{"display_name":"Obscura","author_link":"https:\/\/obscura.ffabula.cz\/index.php\/author\/obscura\/"},"rttpg_comment":0,"rttpg_category":" <a href=\"https:\/\/obscura.ffabula.cz\/\" rel=\"tag\">\u010ce\u0161tina<\/a>","rttpg_excerpt":"Hled\u00e1me nov\u00e9 \u010dleny a \u010dlenky redakce V\u00e9st \u010dasopis je n\u00e1ro\u010dn\u00e1 pr\u00e1ce, a proto hled\u00e1me posily do na\u0161eho t\u00fdmu. Pokud t\u011b bav\u00ed \u010d\u00edst studentsk\u00e9 texty, d\u00e1vat na n\u011b zp\u011btnou vazbu, pom\u00e1hat jim v publikaci a z\u00e1rove\u0148 jsi kreativn\u00ed, spolehliv\u00fd*\u00e1 a t\u00fdmov\u00fd hr\u00e1\u010d*ka, jsi n\u00e1\u0161 \u010dlov\u011bk! \u017d\u00e1dn\u00e9 p\u0159edchoz\u00ed zku\u0161enosti nejsou pot\u0159eba, v\u0161e t\u011b nau\u010d\u00edme. Hled\u00e1me: Redaktory*ky N\u00e1pln\u00ed&hellip;","_links":{"self":[{"href":"https:\/\/obscura.ffabula.cz\/index.php\/wp-json\/wp\/v2\/pages\/5317","targetHints":{"allow":["GET"]}}],"collection":[{"href":"https:\/\/obscura.ffabula.cz\/index.php\/wp-json\/wp\/v2\/pages"}],"about":[{"href":"https:\/\/obscura.ffabula.cz\/index.php\/wp-json\/wp\/v2\/types\/page"}],"author":[{"embeddable":true,"href":"https:\/\/obscura.ffabula.cz\/index.php\/wp-json\/wp\/v2\/users\/2"}],"replies":[{"embeddable":true,"href":"https:\/\/obscura.ffabula.cz\/index.php\/wp-json\/wp\/v2\/comments?post=5317"}],"version-history":[{"count":40,"href":"https:\/\/obscura.ffabula.cz\/index.php\/wp-json\/wp\/v2\/pages\/5317\/revisions"}],"predecessor-version":[{"id":5852,"href":"https:\/\/obscura.ffabula.cz\/index.php\/wp-json\/wp\/v2\/pages\/5317\/revisions\/5852"}],"wp:attachment":[{"href":"https:\/\/obscura.ffabula.cz\/index.php\/wp-json\/wp\/v2\/media?parent=5317"}],"curies":[{"name":"wp","href":"https:\/\/api.w.org\/{rel}","templated":true}]}}